- 7. Let d be b(c). Suppose 21*h - 24*h + 120 = d. What is the greatest common divisor of h and 24?
8
Let o be 1/(-1)*-3 - (-15 + 38). Let b be (-1)/((15/o)/((-3)/(-2))). Let j be b/(-1)*(3 + (-18)/4). What is the highest common factor of j and 3?
3
Let s = -22395 + 23887. Calculate the greatest common divisor of 1 and s.
1
Let s(u) = -5*u**3 + 17*u**2 - 4*u + 4. Let c be s(3). What is the highest common divisor of 490 and c?
10
Suppose 1 = -3*u - 4*f, f + 8 = -4*u - f. Let x be 18/(-5 - -2) - u. Let g = x + 43. Calculate the highest common factor of 120 and g.
40
Let c be (-104)/(-234) - 194/(-9). Suppose -c*x = -19*x - 147. What is the greatest common factor of 21 and x?
7
Let x be 876/(-1606) - 298/(-22). Suppose 0*i + 2*i - 130 = 0. Calculate the greatest common factor of i and x.
13
Suppose -32*c - 36*c + 128 = -52*c. Calculate the highest common factor of c and 1676.
4
Let l be -83 - -88 - (-341 + 3). What is the highest common factor of 231 and l?
7
Let j be -2 + 4 + (6 - -4)*4. Suppose -j = 6*f - 114. Suppose 3*w = w + f. Calculate the highest common divisor of w and 3.
3
Suppose 139 = 16*f - 21. What is the highest common divisor of 5170 and f?
10
Suppose 0 = -170*a + 14712 + 12828. Calculate the greatest common divisor of a and 918.
54
Let f = 37251 - 37104. Calculate the greatest common factor of f and 637.
49
Let a(r) = -56*r + 72. Let k be a(1). Suppose 5*g + 5 = 20. Let p be 20*g*(-16)/(-60). What is the greatest common divisor of p and k?
16
Let p(i) = 2*i - 7. Let y(j) = 5*j - 28. Let f be y(6). Let l be f/((-45)/(-35) + -1). Let k be p(l). What is the greatest common factor of k and 56?
7
Let x be ((-68)/(-10))/((-229)/(-6870)). What is the greatest common divisor of x and 16660?
68
Let x(h) = -5*h - 175. Let c be x(-35). Suppose 17 = 4*i - s - 2*s, c = i + 2*s - 7. Calculate the highest common factor of 7 and i.
1
Let t(v) = v**2 + 4. Suppose 2*x - 2 = -5*i + 3*i, -6 = -i + 4*x. Let l be t(i). Let f be ((-18)/5)/(6/(-20)). Calculate the greatest common divisor of l and f.
4
Suppose f - 6 = 0, -138*f + 141*f - 5702 = -k. Calculate the highest common divisor of 28 and k.
28
Let h = 25 - 25. Let j = h - -1. Let t(v) = v**2. Let c be t(j). Calculate the highest common divisor of 1 and c.
1
Suppose -183 = -10*k + 267. Let h be 2 + 7 - (-9)/k*-10. Calculate the greatest common factor of h and 49.
7
Let n = -11 + 5059. What is the greatest common divisor of 24 and n?
8
Let n = -33 + 72. Let l(i) = -249*i + 3738. Let j be l(15). Calculate the greatest common factor of j and n.
3
Let r = 52 - 13. Suppose -a = 5*y + 1858 + 675, -2*a = y + 503. Let i be ((y/52)/3)/((-1)/20). Calculate the greatest common factor of i and r.
13
Suppose d + c - 210 = 0, -4*c - 1432 = -5*d - 364. Let s = d - 102. What is the highest common factor of 66 and s?
22
Let k be (-3)/(-6)*4 - 27/(-9). Suppose -k = -10*q - 125. Let z be (-147)/q + 1/(-4). What is the highest common divisor of z and 42?
6
Let l(u) = 34*u**2 - 22*u - 38. Let c be l(-4). Calculate the highest common factor of 108 and c.
54
Let o be (-9 + 8)/(8/(-6) + 1). Suppose o*l + 0 = -12, k + 2*l + 2 = 0. Suppose -14*t + 480 = -k*t. What is the highest common divisor of t and 15?
15
Let r = -58 + 65. Let s(d) = d + 8. Let i be s(r). Calculate the highest common divisor of 12 and i.
3
Suppose 13 = 9*l - 5. Suppose -3*y = 5*g - 818 - 506, 0 = -5*g - l*y + 1326. Calculate the highest common divisor of 28 and g.
14
Let n be 5400/160*(1 + 3) - 3. What is the greatest common divisor of 3564 and n?
132
Suppose 0 = -40*p + 48 + 32. Suppose p*h - 6*l = -l + 1341, -2*l = 4*h - 2646. Calculate the greatest common factor of 51 and h.
51
Let j = 7617 - 7453. What is the greatest common divisor of 1066 and j?
82
Let y = 7 + 6. Suppose -y*x + 22*x - 18 = 0. Let k be (6 + 330/(-18))/(x/(-18)). Calculate the greatest common factor of k and 37.
37
Let p be (-6)/(-2) - 0/(-28). Suppose -7*q + 3*q = 4, -2*l - 5*q = -61. What is the highest common divisor of p and l?
3
Let p(l) = -7*l - 9*l**2 - 4*l**2 - 3*l + 12 + 12*l**2. Let r be p(-6). What is the greatest common factor of r and 36?
36
Let g(a) = -a**2 - 16*a + 309. Let c be g(-25). What is the highest common divisor of 192 and c?
12
Let s = 2135 - 1736. Calculate the highest common divisor of s and 57.
57
Let r = 15901 + -14605. Calculate the highest common divisor of r and 180.
36
Let c = -10 + 14. Let x be c/6*(-84)/(-8). Let h = 35252 - 35119. What is the highest common factor of h and x?
7
Let w = 109 + -78. Suppose -95 = -2*p - 3*p + 5*y, -p + w = 5*y. Let a(t) = 69*t + 1521. Let q be a(-22). What is the greatest common divisor of q and p?
3
Suppose -21*u = 15*u + 19*u - 6050. Calculate the greatest common factor of 1397 and u.
11
Let f = -5486 + 7790. What is the greatest common factor of f and 1024?
256
Suppose 0 = 129*b - 106*b - 6578. Suppose -5*q = -p + 272, 4*q - 2*p + 220 = -0*p. Let a = -28 - q. What is the highest common factor of a and b?
26
Let s(n) = -4*n**3 - 2*n**2 - n. Let j be s(-4). Suppose 211*u - 16781 - 19300 = 0. Calculate the greatest common divisor of u and j.
57
Let g be 0 + 10/5 - (1 - -2). Let v be (-1 + 9 + g)/((-11)/(-55)). What is the greatest common factor of 20 and v?
5
Let k be 0 + (14/(-7) - 10). Let v(d) = -12*d - 115. Let p be v(k). Calculate the greatest common divisor of p and 29.
29
Let h be 6 + 0 + 288 + 9. Calculate the greatest common divisor of 101 and h.
101
Let m = -7723 - -13119. What is the greatest common divisor of m and 1562?
142
Let u(x) = -7*x + 13. Let q be u(-10). Let h(y) = 7*y - 6 - q*y - 10*y. Let a be h(-1). What is the greatest common divisor of 10 and a?
10
Let b(q) = q**2 + 2*q + 33. Let f = 19 - 14. Let v be (2/(-2))/(f + (-216)/44). Let z be b(v). What is the greatest common divisor of z and 33?
33
Let n(q) = 740*q + 5182. Let l be n(-7). What is the highest common factor of l and 229?
1
Let b(w) = 4*w + 10. Let x be b(-10). Let h be (-477)/(-5) - x/50. What is the greatest common divisor of h and 16?
16
Suppose -5*c - 45 = 0, -18*w = -23*w - 2*c + 437. Calculate the highest common factor of w and 749.
7
Let l(x) = -16*x - 214. Let g(b) = 5*b + 71. Let i(f) = 8*g(f) + 3*l(f). Let r be i(-10). What is the greatest common divisor of r and 30?
6
Let l be (13 - 14)*(5 + -8 - 2). What is the highest common factor of 8930 and l?
5
Suppose -18445 = -3*b - 0*b + 2483. What is the greatest common divisor of 64 and b?
64
Suppose -8*q = -3 - 165. Let w be (-201)/(-2)*(-2)/(-3). Let k = -25 + w. Calculate the highest common divisor of q and k.
21
Let c(f) = 6*f**2 + f - 1. Let p be c(1). Let q(h) = 13*h - 61. Let o be q(p). What is the highest common divisor of o and 459?
17
Suppose 46*x = -46*x + 86*x + 264. What is the greatest common divisor of x and 4026?
22
Let y be 1*2/(-6) - (-3)/9. Let i be 0 - (-204)/(3 + y). Suppose -5*b - 18 = -i. Calculate the greatest common factor of b and 80.
10
Let q be (2/5)/(3/(-120)). Let x be 5*8 - (q - -12). Let m = 60 - x. What is the greatest common divisor of m and 16?
16
Let g be (-3)/18 - 50/(-12). Let c(b) = -4*b - 59. Let r be c(-17). Suppose -2*p - 6*v + r*v + 38 = 0, 8 = -4*v. What is the highest common divisor of p and g?
4
Let n(h) = -h**3 - 6*h**2 - h + 1. Suppose -18*f + 14*f - 24 = 0. Let r be n(f). What is the highest common factor of 28 and r?
7
Let j(o) = 326*o - 14. Let m be j(2). Let d = -568 + m. What is the greatest common divisor of d and 224?
14
Suppose -a - 5*k = 3*a - 50, 0 = 5*a + k - 52. Suppose -6*q + 8*q = 294. Let f = -67 + q. Calculate the highest common factor of f and a.
10
Let i = 606 - 571. Let u = i + -11. What is the highest common divisor of 156 and u?
12
Let w be 47658/22 + (-1227)/4499. What is the highest common divisor of 18 and w?
6
Let h = -44 + 44. Suppose h = 9*y - 2281 - 815. What is the greatest common divisor of y and 8?
8
Let f(j) = 28*j**2 + 8 - j**3 + 0*j + 6*j - 23*j**2. Let a be f(6). What is the highest common factor of 24 and a?
8
Suppose -n - 3*b - 1871 = -7326, 5*n + 5*b = 27325. Suppose -n = -3*c - 1609. Suppose -118*s - c = -121*s. Calculate the greatest common divisor of 39 and s.
39
Let z = 692 - 398. Let c be z/9 - (-14)/(-21). Let h = c - 23. Calculate the greatest common factor of 3 and h.
3
Suppose -10